{"id":516,"date":"2022-01-07T15:00:52","date_gmt":"2022-01-07T14:00:52","guid":{"rendered":"https:\/\/boring-bell.62-210-145-80.plesk.page\/agence\/?post_type=project&#038;p=516"},"modified":"2022-05-12T15:10:58","modified_gmt":"2022-05-12T13:10:58","slug":"creation-de-goodies-pour-les-60-ans-de-la-mutuelle-des-services-publics","status":"publish","type":"project","link":"https:\/\/cooperative-cvm.fr\/agence\/realisations\/creation-de-goodies-pour-les-60-ans-de-la-mutuelle-des-services-publics\/","title":{"rendered":"Cr\u00e9ation de goodies pour les 60 ans de la Mutuelle des Services Publics"},"content":{"rendered":"\n<figure class=\"wp-block-image size-full\"><img loading=\"lazy\" decoding=\"async\" width=\"1700\" height=\"750\" src=\"https:\/\/boring-bell.62-210-145-80.plesk.page\/agence\/wp-content\/uploads\/sites\/2\/2022\/01\/1700x750_goodiesmsp_1.png\" alt=\"Mise en avant des sac et cartes ensemenc\u00e9es, goodies des 60 ans de la Mutuelles des Services Publics pr\u00e9par\u00e9s par l'Agence CVM\" class=\"wp-image-517\" srcset=\"https:\/\/cooperative-cvm.fr\/agence\/wp-content\/uploads\/sites\/2\/2022\/01\/1700x750_goodiesmsp_1.png 1700w, https:\/\/cooperative-cvm.fr\/agence\/wp-content\/uploads\/sites\/2\/2022\/01\/1700x750_goodiesmsp_1-1536x678.png 1536w, https:\/\/cooperative-cvm.fr\/agence\/wp-content\/uploads\/sites\/2\/2022\/01\/1700x750_goodiesmsp_1-1250x551.png 1250w, https:\/\/cooperative-cvm.fr\/agence\/wp-content\/uploads\/sites\/2\/2022\/01\/1700x750_goodiesmsp_1-825x364.png 825w, https:\/\/cooperative-cvm.fr\/agence\/wp-content\/uploads\/sites\/2\/2022\/01\/1700x750_goodiesmsp_1-850x375.png 850w, https:\/\/cooperative-cvm.fr\/agence\/wp-content\/uploads\/sites\/2\/2022\/01\/1700x750_goodiesmsp_1-561x248.png 561w\" sizes=\"auto, (max-width: 1700px) 100vw, 1700px\" \/><\/figure>\n\n\n\n<h2 class=\"wp-block-heading\">Conseil et choix de goodies r\u00e9pondant aux demandes du client<\/h2>\n\n\n\n<p>La CVM a propos\u00e9 un panel de\u00a0<strong><a href=\"https:\/\/boring-bell.62-210-145-80.plesk.page\/agence\/realisations\/?cvm-page=1&amp;cvm-category=26\" target=\"_blank\" rel=\"noreferrer noopener\">goodies<\/a><\/strong>\u00a0diff\u00e9rents afin que le client puisse choisir les propositions qui l\u2019int\u00e9ressaient le plus. Il tenait \u00e0 c\u0153ur \u00e0 la <a href=\"https:\/\/mutuelle-msp.fr\" target=\"_blank\" rel=\"noreferrer noopener\">Mutuelle des Services Publics<\/a> d\u2019offrir des objets r\u00e9pondant \u00e0 une attention et une dynamique les plus\u00a0<strong>\u00e9cologiques<\/strong>\u00a0possible. Nous avons donc tourn\u00e9 nos recherches en ce sens pour pouvoir conseiller et orienter la mutuelle au mieux.\u00a0<\/p>\n\n\n\n<div class=\"wp-block-columns is-layout-flex wp-container-core-columns-is-layout-9d6595d7 wp-block-columns-is-layout-flex\">\n<div class=\"wp-block-column is-layout-flow wp-block-column-is-layout-flow\">\n<figure class=\"wp-block-image size-full\"><img loading=\"lazy\" decoding=\"async\" width=\"851\" height=\"530\" src=\"https:\/\/boring-bell.62-210-145-80.plesk.page\/agence\/wp-content\/uploads\/sites\/2\/2022\/01\/1700x750_goodiesmsp_2-1.png\" alt=\"Mise en avant des cl\u00e9s USB et porte cartes, goodies des 60 ans de la Mutuelles des Services Publics pr\u00e9par\u00e9s par l'Agence CVM\" class=\"wp-image-521\" srcset=\"https:\/\/cooperative-cvm.fr\/agence\/wp-content\/uploads\/sites\/2\/2022\/01\/1700x750_goodiesmsp_2-1.png 851w, https:\/\/cooperative-cvm.fr\/agence\/wp-content\/uploads\/sites\/2\/2022\/01\/1700x750_goodiesmsp_2-1-825x514.png 825w, https:\/\/cooperative-cvm.fr\/agence\/wp-content\/uploads\/sites\/2\/2022\/01\/1700x750_goodiesmsp_2-1-561x349.png 561w\" sizes=\"auto, (max-width: 851px) 100vw, 851px\" \/><\/figure>\n<\/div>\n\n\n\n<div class=\"wp-block-column is-layout-flow wp-block-column-is-layout-flow\">\n<figure class=\"wp-block-image size-full\"><img loading=\"lazy\" decoding=\"async\" width=\"851\" height=\"530\" src=\"https:\/\/boring-bell.62-210-145-80.plesk.page\/agence\/wp-content\/uploads\/sites\/2\/2022\/01\/1700x750_goodiesmsp_3.png\" alt=\"Mise en avant des stylos, goodies des 60 ans de la Mutuelles des Services Publics pr\u00e9par\u00e9s par l'Agence CVM\" class=\"wp-image-522\" srcset=\"https:\/\/cooperative-cvm.fr\/agence\/wp-content\/uploads\/sites\/2\/2022\/01\/1700x750_goodiesmsp_3.png 851w, https:\/\/cooperative-cvm.fr\/agence\/wp-content\/uploads\/sites\/2\/2022\/01\/1700x750_goodiesmsp_3-825x514.png 825w, https:\/\/cooperative-cvm.fr\/agence\/wp-content\/uploads\/sites\/2\/2022\/01\/1700x750_goodiesmsp_3-561x349.png 561w\" sizes=\"auto, (max-width: 851px) 100vw, 851px\" \/><\/figure>\n<\/div>\n<\/div>\n\n\n\n<h2 class=\"wp-block-heading\">Suivi graphique et production des goodies<\/h2>\n\n\n\n<p>Une fois le choix fait, nous nous sommes charg\u00e9s de suivre&nbsp;<strong>la cr\u00e9ation graphique<\/strong>&nbsp;ainsi que la production de ces goodies. Nous avons donc r\u00e9alis\u00e9 des stylos en li\u00e8ge accompagn\u00e9s de porte-cartes pr\u00e9vus pour \u00eatre coll\u00e9s \u00e0 un smartphone. Nous avons aussi fait fabriquer des cl\u00e9s USB en bois sur lesquelles figurait une&nbsp;<strong><a href=\"https:\/\/boring-bell.62-210-145-80.plesk.page\/agence\/realisations\/?cvm-page=1&amp;cvm-category=16\" target=\"_blank\" rel=\"noreferrer noopener\">vid\u00e9o<\/a>&nbsp;<\/strong>de pr\u00e9sentation de ces 60 derni\u00e8res ann\u00e9es de militantisme de la Mutuelle des Services Publics. A l\u2019int\u00e9rieur des sacs en carton, floqu\u00e9s d\u2019un&nbsp;<strong>logo<\/strong> sp\u00e9cialement con\u00e7u pour l\u2019\u00e9v\u00e9nement, se trouvaient aussi des cartes ensemenc\u00e9es pr\u00e9sentant les remerciements de la mutuelle \u00e0 l&rsquo;intention des invit\u00e9\u00b7es. Ces cartes, une fois plant\u00e9es, auront une seconde vie.&nbsp;<\/p>\n","protected":false},"excerpt":{"rendered":"<p>Pour les 60 ans de la Mutuelles des Services Publics, l&rsquo;Agence CVM \u00e0 cr\u00e9\u00e9 des goodies pour les invit\u00e9\u00b7es.<\/p>\n","protected":false},"featured_media":529,"template":"","project-category":[27],"class_list":["post-516","project","type-project","status-publish","has-post-thumbnail","hentry","project-category-evenementiel"],"aioseo_notices":[],"acf":[],"_links":{"self":[{"href":"https:\/\/cooperative-cvm.fr\/agence\/wp-json\/wp\/v2\/project\/516","targetHints":{"allow":["GET"]}}],"collection":[{"href":"https:\/\/cooperative-cvm.fr\/agence\/wp-json\/wp\/v2\/project"}],"about":[{"href":"https:\/\/cooperative-cvm.fr\/agence\/wp-json\/wp\/v2\/types\/project"}],"version-history":[{"count":20,"href":"https:\/\/cooperative-cvm.fr\/agence\/wp-json\/wp\/v2\/project\/516\/revisions"}],"predecessor-version":[{"id":1058,"href":"https:\/\/cooperative-cvm.fr\/agence\/wp-json\/wp\/v2\/project\/516\/revisions\/1058"}],"wp:featuredmedia":[{"embeddable":true,"href":"https:\/\/cooperative-cvm.fr\/agence\/wp-json\/wp\/v2\/media\/529"}],"wp:attachment":[{"href":"https:\/\/cooperative-cvm.fr\/agence\/wp-json\/wp\/v2\/media?parent=516"}],"wp:term":[{"taxonomy":"project-category","embeddable":true,"href":"https:\/\/cooperative-cvm.fr\/agence\/wp-json\/wp\/v2\/project-category?post=516"}],"curies":[{"name":"wp","href":"https:\/\/api.w.org\/{rel}","templated":true}]}}

Création de goodies pour les 60 ans de la Mutuelle des Services Publics

<figure class="wp-block-image size-full"><img loading="lazy" decoding="async" width="1700" height="750" src="https://boring-bell.62-210-145-80.plesk.page/agence/wp-content/uploads/sites/2/2022/01/1700x750_goodiesmsp_1.png" alt="Mise en avant des sac et cartes ensemencées, goodies des 60 ans de la Mutuelles des Services Publics préparés par l'Agence CVM" class="wp-image-517" srcset="https://cooperative-cvm.fr/agence/wp-content/uploads/sites/2/2022/01/1700x750_goodiesmsp_1.png 1700w, https://cooperative-cvm.fr/agence/wp-content/uploads/sites/2/2022/01/1700x750_goodiesmsp_1-1536x678.png 1536w, https://cooperative-cvm.fr/agence/wp-content/uploads/sites/2/2022/01/1700x750_goodiesmsp_1-1250x551.png 1250w, https://cooperative-cvm.fr/agence/wp-content/uploads/sites/2/2022/01/1700x750_goodiesmsp_1-825x364.png 825w, https://cooperative-cvm.fr/agence/wp-content/uploads/sites/2/2022/01/1700x750_goodiesmsp_1-850x375.png 850w, https://cooperative-cvm.fr/agence/wp-content/uploads/sites/2/2022/01/1700x750_goodiesmsp_1-561x248.png 561w" sizes="auto, (max-width: 1700px) 100vw, 1700px" /></figure>



<h2 class="wp-block-heading">Conseil et choix de goodies répondant aux demandes du client</h2>



<p>La CVM a proposé un panel de <strong><a href="https://boring-bell.62-210-145-80.plesk.page/agence/realisations/?cvm-page=1&amp;cvm-category=26" target="_blank" rel="noreferrer noopener">goodies</a></strong> différents afin que le client puisse choisir les propositions qui l’intéressaient le plus. Il tenait à cœur à la <a href="https://mutuelle-msp.fr" target="_blank" rel="noreferrer noopener">Mutuelle des Services Publics</a> d’offrir des objets répondant à une attention et une dynamique les plus <strong>écologiques</strong> possible. Nous avons donc tourné nos recherches en ce sens pour pouvoir conseiller et orienter la mutuelle au mieux. </p>



<div class="wp-block-columns is-layout-flex wp-container-core-columns-is-layout-9d6595d7 wp-block-columns-is-layout-flex">
<div class="wp-block-column is-layout-flow wp-block-column-is-layout-flow">
<figure class="wp-block-image size-full"><img loading="lazy" decoding="async" width="851" height="530" src="https://boring-bell.62-210-145-80.plesk.page/agence/wp-content/uploads/sites/2/2022/01/1700x750_goodiesmsp_2-1.png" alt="Mise en avant des clés USB et porte cartes, goodies des 60 ans de la Mutuelles des Services Publics préparés par l'Agence CVM" class="wp-image-521" srcset="https://cooperative-cvm.fr/agence/wp-content/uploads/sites/2/2022/01/1700x750_goodiesmsp_2-1.png 851w, https://cooperative-cvm.fr/agence/wp-content/uploads/sites/2/2022/01/1700x750_goodiesmsp_2-1-825x514.png 825w, https://cooperative-cvm.fr/agence/wp-content/uploads/sites/2/2022/01/1700x750_goodiesmsp_2-1-561x349.png 561w" sizes="auto, (max-width: 851px) 100vw, 851px" /></figure>
</div>



<div class="wp-block-column is-layout-flow wp-block-column-is-layout-flow">
<figure class="wp-block-image size-full"><img loading="lazy" decoding="async" width="851" height="530" src="https://boring-bell.62-210-145-80.plesk.page/agence/wp-content/uploads/sites/2/2022/01/1700x750_goodiesmsp_3.png" alt="Mise en avant des stylos, goodies des 60 ans de la Mutuelles des Services Publics préparés par l'Agence CVM" class="wp-image-522" srcset="https://cooperative-cvm.fr/agence/wp-content/uploads/sites/2/2022/01/1700x750_goodiesmsp_3.png 851w, https://cooperative-cvm.fr/agence/wp-content/uploads/sites/2/2022/01/1700x750_goodiesmsp_3-825x514.png 825w, https://cooperative-cvm.fr/agence/wp-content/uploads/sites/2/2022/01/1700x750_goodiesmsp_3-561x349.png 561w" sizes="auto, (max-width: 851px) 100vw, 851px" /></figure>
</div>
</div>



<h2 class="wp-block-heading">Suivi graphique et production des goodies</h2>



<p>Une fois le choix fait, nous nous sommes chargés de suivre&nbsp;<strong>la création graphique</strong>&nbsp;ainsi que la production de ces goodies. Nous avons donc réalisé des stylos en liège accompagnés de porte-cartes prévus pour être collés à un smartphone. Nous avons aussi fait fabriquer des clés USB en bois sur lesquelles figurait une&nbsp;<strong><a href="https://boring-bell.62-210-145-80.plesk.page/agence/realisations/?cvm-page=1&amp;cvm-category=16" target="_blank" rel="noreferrer noopener">vidéo</a>&nbsp;</strong>de présentation de ces 60 dernières années de militantisme de la Mutuelle des Services Publics. A l’intérieur des sacs en carton, floqués d’un&nbsp;<strong>logo</strong> spécialement conçu pour l’événement, se trouvaient aussi des cartes ensemencées présentant les remerciements de la mutuelle à l&rsquo;intention des invité·es. Ces cartes, une fois plantées, auront une seconde vie.&nbsp;</p>

<p>Pour les 60 ans de la Mutuelles des Services Publics, l&rsquo;Agence CVM à créé des goodies pour les invité·es.</p>
