{"id":643,"date":"2022-01-11T15:34:42","date_gmt":"2022-01-11T14:34:42","guid":{"rendered":"https:\/\/boring-bell.62-210-145-80.plesk.page\/agence\/?post_type=project&#038;p=643"},"modified":"2022-09-05T16:05:16","modified_gmt":"2022-09-05T14:05:16","slug":"refonte-du-site-de-la-fraternelle-des-territoriaux","status":"publish","type":"project","link":"https:\/\/cooperative-cvm.fr\/agence\/realisations\/refonte-du-site-de-la-fraternelle-des-territoriaux\/","title":{"rendered":"Refonte du site de la Fraternelle des Territoriaux"},"content":{"rendered":"\n<figure class=\"wp-block-image size-full\"><img loading=\"lazy\" decoding=\"async\" width=\"1700\" height=\"751\" src=\"https:\/\/boring-bell.62-210-145-80.plesk.page\/agence\/wp-content\/uploads\/sites\/2\/2022\/01\/1700x750-site-fraternelle1.png\" alt=\"Pr\u00e9sentation de la refonte du site de la Fraternelle des Territoriaux fait par l'Agence CVM\" class=\"wp-image-644\" srcset=\"https:\/\/cooperative-cvm.fr\/agence\/wp-content\/uploads\/sites\/2\/2022\/01\/1700x750-site-fraternelle1.png 1700w, https:\/\/cooperative-cvm.fr\/agence\/wp-content\/uploads\/sites\/2\/2022\/01\/1700x750-site-fraternelle1-1536x679.png 1536w, https:\/\/cooperative-cvm.fr\/agence\/wp-content\/uploads\/sites\/2\/2022\/01\/1700x750-site-fraternelle1-1250x552.png 1250w, https:\/\/cooperative-cvm.fr\/agence\/wp-content\/uploads\/sites\/2\/2022\/01\/1700x750-site-fraternelle1-825x364.png 825w, https:\/\/cooperative-cvm.fr\/agence\/wp-content\/uploads\/sites\/2\/2022\/01\/1700x750-site-fraternelle1-850x376.png 850w, https:\/\/cooperative-cvm.fr\/agence\/wp-content\/uploads\/sites\/2\/2022\/01\/1700x750-site-fraternelle1-561x248.png 561w\" sizes=\"auto, (max-width: 1700px) 100vw, 1700px\" \/><\/figure>\n\n\n\n<h2 class=\"wp-block-heading\"><strong>Moderniser l\u2019interface adh\u00e9rent<\/strong><\/h2>\n\n\n\n<p>Un site internet a une dur\u00e9e de vie limit\u00e9e&nbsp;: entre 3 et 5 ans. Les usages \u00e9voluent, le graphisme \u00e9galement. La refonte d\u2019un site est donc un chantier qui revient r\u00e9guli\u00e8rement dans la vie d\u2019une structure.&nbsp;<br>C\u2019\u00e9tait le cas de la mutuelle <a href=\"https:\/\/www.fraternelledesterritoriaux.fr\" target=\"_blank\" rel=\"noreferrer noopener\">La Fraternelle des Territoriaux<\/a>, implant\u00e9e en Is\u00e8re. Le souhait de notre client \u00e9tait de pouvoir <strong>moderniser<\/strong> l\u2019ensemble du site internet pour qu\u2019il s\u2019inscrive dans les usages actuels. Nous avons voulu davantage mettre en avant la <strong>charte graphique<\/strong> de la <a href=\"https:\/\/www.fraternelledesterritoriaux.fr\">mutuelle<\/a>, en nous appuyant sur les couleurs et formes du logo. Le rendu est donc dynamique, joyeux et color\u00e9.&nbsp;<\/p>\n\n\n\n<h2 class=\"wp-block-heading\"><strong>Retravailler la structure du site pour plus de coh\u00e9rence&nbsp;<\/strong><\/h2>\n\n\n\n<p>La structure du site a \u00e9t\u00e9 repens\u00e9e afin de <strong>simplifier<\/strong> le parcours utilisateur. Cela garantit aux adh\u00e9rent\u00b7es et prospects de la mutuelle un meilleur confort d\u2019utilisation.&nbsp;<\/p>\n\n\n\n<p>Nous avons simplifi\u00e9 le plan du site et r\u00e9organis\u00e9 la structure pour <strong>regrouper les informations similaires<\/strong>.<\/p>\n\n\n\n<p><strong>Les internautes trouvent d\u00e9sormais plus facilement les informations. Qu&rsquo;il s&rsquo;agisse de leur offre de compl\u00e9mentaire sant\u00e9, <\/strong>des actualit\u00e9s de leur mutuelle, de <strong>leur espace adh\u00e9rent personnel<\/strong>, ou encore <strong>les formulaires de contact<\/strong> ou de suivi de leur prise en charge.&nbsp;<\/p>\n\n\n\n<figure class=\"wp-block-image size-full\"><img loading=\"lazy\" decoding=\"async\" width=\"1700\" height=\"751\" src=\"https:\/\/boring-bell.62-210-145-80.plesk.page\/agence\/wp-content\/uploads\/sites\/2\/2022\/01\/1700x750-site-fraternelle2.png\" alt=\"Mise en avant des actualit\u00e9s de la Fraternelle des Territoriaux sur le nouveau site cr\u00e9\u00e9 par l'Agence CVM\" class=\"wp-image-650\" srcset=\"https:\/\/cooperative-cvm.fr\/agence\/wp-content\/uploads\/sites\/2\/2022\/01\/1700x750-site-fraternelle2.png 1700w, https:\/\/cooperative-cvm.fr\/agence\/wp-content\/uploads\/sites\/2\/2022\/01\/1700x750-site-fraternelle2-1536x679.png 1536w, https:\/\/cooperative-cvm.fr\/agence\/wp-content\/uploads\/sites\/2\/2022\/01\/1700x750-site-fraternelle2-1250x552.png 1250w, https:\/\/cooperative-cvm.fr\/agence\/wp-content\/uploads\/sites\/2\/2022\/01\/1700x750-site-fraternelle2-825x364.png 825w, https:\/\/cooperative-cvm.fr\/agence\/wp-content\/uploads\/sites\/2\/2022\/01\/1700x750-site-fraternelle2-850x376.png 850w, https:\/\/cooperative-cvm.fr\/agence\/wp-content\/uploads\/sites\/2\/2022\/01\/1700x750-site-fraternelle2-561x248.png 561w\" sizes=\"auto, (max-width: 1700px) 100vw, 1700px\" \/><\/figure>\n\n\n\n<h2 class=\"wp-block-heading\"><strong>Autonomiser les \u00e9quipes de la mutuelle&nbsp;<\/strong><\/h2>\n\n\n\n<p>Pour <a href=\"https:\/\/boring-bell.62-210-145-80.plesk.page\/agence\/\">l\u2019Agence CVM<\/a>, notre premi\u00e8re pr\u00e9occupation est d\u2019\u00eatre utile \u00e0 nos clients. Il est donc normal de les accompagner pour les rendre les plus autonomes possible.&nbsp;<\/p>\n\n\n\n<p>A nos yeux, il ne suffit pas de livrer un site <strong>fonctionnel<\/strong>. Il nous tient \u00e9galement \u00e0 c\u0153ur de proposer un <strong>back office<\/strong> facile d\u2019utilisation. Nous souhaitons que nos clients prennent leur site en main. A l\u2019issue d\u2019une<strong> formation<\/strong>, la Fraternelle des Territoriaux a donc tous les outils n\u00e9cessaires pour cr\u00e9er facilement de nouveaux articles, mettre \u00e0 jour le contenu du site, modifier les formulaires de contact\u2026<\/p>\n\n\n\n<h2 class=\"wp-block-heading\"><strong>S\u2019inscrire dans le respect du RGPD et d\u2019ePrivacy&nbsp;&nbsp;<\/strong><\/h2>\n\n\n\n<p>Nous avons travaill\u00e9 de concert avec nos d\u00e9veloppeurs afin de suivre les diff\u00e9rentes recommandations li\u00e9es au r\u00e8glement g\u00e9n\u00e9ral sur la protection des donn\u00e9es (RGPD). Cela nous a permis de nous assurer de la mise en conformit\u00e9 du site internet. Nous nous sommes appuy\u00e9s \u00e0 la fois sur l\u2019audit du site mais avons \u00e9galement pu proposer des solutions compl\u00e9mentaires, notamment pour l\u2019analyse d\u2019audience.<\/p>\n\n\n\n<p>Nous avons travaill\u00e9 en collaboration avec <a href=\"https:\/\/www.pixelsingenierie.net\/l-agence\/\" target=\"_blank\" rel=\"noreferrer noopener\">Pixels Ing\u00e9nierie<\/a> pour la r\u00e9alisation et le d\u00e9veloppement. <\/p>\n","protected":false},"excerpt":{"rendered":"<p>L\u2019Agence CVM s\u2019est occup\u00e9e de la refonte du site de la Fraternelle des Territoriaux.<\/p>\n","protected":false},"featured_media":655,"template":"","project-category":[9,24,4],"class_list":["post-643","project","type-project","status-publish","has-post-thumbnail","hentry","project-category-digital","project-category-graphisme","project-category-site-internet"],"aioseo_notices":[],"acf":[],"_links":{"self":[{"href":"https:\/\/cooperative-cvm.fr\/agence\/wp-json\/wp\/v2\/project\/643","targetHints":{"allow":["GET"]}}],"collection":[{"href":"https:\/\/cooperative-cvm.fr\/agence\/wp-json\/wp\/v2\/project"}],"about":[{"href":"https:\/\/cooperative-cvm.fr\/agence\/wp-json\/wp\/v2\/types\/project"}],"version-history":[{"count":40,"href":"https:\/\/cooperative-cvm.fr\/agence\/wp-json\/wp\/v2\/project\/643\/revisions"}],"predecessor-version":[{"id":1194,"href":"https:\/\/cooperative-cvm.fr\/agence\/wp-json\/wp\/v2\/project\/643\/revisions\/1194"}],"wp:featuredmedia":[{"embeddable":true,"href":"https:\/\/cooperative-cvm.fr\/agence\/wp-json\/wp\/v2\/media\/655"}],"wp:attachment":[{"href":"https:\/\/cooperative-cvm.fr\/agence\/wp-json\/wp\/v2\/media?parent=643"}],"wp:term":[{"taxonomy":"project-category","embeddable":true,"href":"https:\/\/cooperative-cvm.fr\/agence\/wp-json\/wp\/v2\/project-category?post=643"}],"curies":[{"name":"wp","href":"https:\/\/api.w.org\/{rel}","templated":true}]}}

<figure class="wp-block-image size-full"><img loading="lazy" decoding="async" width="1700" height="751" src="https://boring-bell.62-210-145-80.plesk.page/agence/wp-content/uploads/sites/2/2022/01/1700x750-site-fraternelle1.png" alt="Présentation de la refonte du site de la Fraternelle des Territoriaux fait par l'Agence CVM" class="wp-image-644" srcset="https://cooperative-cvm.fr/agence/wp-content/uploads/sites/2/2022/01/1700x750-site-fraternelle1.png 1700w, https://cooperative-cvm.fr/agence/wp-content/uploads/sites/2/2022/01/1700x750-site-fraternelle1-1536x679.png 1536w, https://cooperative-cvm.fr/agence/wp-content/uploads/sites/2/2022/01/1700x750-site-fraternelle1-1250x552.png 1250w, https://cooperative-cvm.fr/agence/wp-content/uploads/sites/2/2022/01/1700x750-site-fraternelle1-825x364.png 825w, https://cooperative-cvm.fr/agence/wp-content/uploads/sites/2/2022/01/1700x750-site-fraternelle1-850x376.png 850w, https://cooperative-cvm.fr/agence/wp-content/uploads/sites/2/2022/01/1700x750-site-fraternelle1-561x248.png 561w" sizes="auto, (max-width: 1700px) 100vw, 1700px" /></figure>



<h2 class="wp-block-heading"><strong>Moderniser l’interface adhérent</strong></h2>



<p>Un site internet a une durée de vie limitée&nbsp;: entre 3 et 5 ans. Les usages évoluent, le graphisme également. La refonte d’un site est donc un chantier qui revient régulièrement dans la vie d’une structure.&nbsp;<br>C’était le cas de la mutuelle <a href="https://www.fraternelledesterritoriaux.fr" target="_blank" rel="noreferrer noopener">La Fraternelle des Territoriaux</a>, implantée en Isère. Le souhait de notre client était de pouvoir <strong>moderniser</strong> l’ensemble du site internet pour qu’il s’inscrive dans les usages actuels. Nous avons voulu davantage mettre en avant la <strong>charte graphique</strong> de la <a href="https://www.fraternelledesterritoriaux.fr">mutuelle</a>, en nous appuyant sur les couleurs et formes du logo. Le rendu est donc dynamique, joyeux et coloré.&nbsp;</p>



<h2 class="wp-block-heading"><strong>Retravailler la structure du site pour plus de cohérence&nbsp;</strong></h2>



<p>La structure du site a été repensée afin de <strong>simplifier</strong> le parcours utilisateur. Cela garantit aux adhérent·es et prospects de la mutuelle un meilleur confort d’utilisation.&nbsp;</p>



<p>Nous avons simplifié le plan du site et réorganisé la structure pour <strong>regrouper les informations similaires</strong>.</p>



<p><strong>Les internautes trouvent désormais plus facilement les informations. Qu&rsquo;il s&rsquo;agisse de leur offre de complémentaire santé, </strong>des actualités de leur mutuelle, de <strong>leur espace adhérent personnel</strong>, ou encore <strong>les formulaires de contact</strong> ou de suivi de leur prise en charge.&nbsp;</p>



<figure class="wp-block-image size-full"><img loading="lazy" decoding="async" width="1700" height="751" src="https://boring-bell.62-210-145-80.plesk.page/agence/wp-content/uploads/sites/2/2022/01/1700x750-site-fraternelle2.png" alt="Mise en avant des actualités de la Fraternelle des Territoriaux sur le nouveau site créé par l'Agence CVM" class="wp-image-650" srcset="https://cooperative-cvm.fr/agence/wp-content/uploads/sites/2/2022/01/1700x750-site-fraternelle2.png 1700w, https://cooperative-cvm.fr/agence/wp-content/uploads/sites/2/2022/01/1700x750-site-fraternelle2-1536x679.png 1536w, https://cooperative-cvm.fr/agence/wp-content/uploads/sites/2/2022/01/1700x750-site-fraternelle2-1250x552.png 1250w, https://cooperative-cvm.fr/agence/wp-content/uploads/sites/2/2022/01/1700x750-site-fraternelle2-825x364.png 825w, https://cooperative-cvm.fr/agence/wp-content/uploads/sites/2/2022/01/1700x750-site-fraternelle2-850x376.png 850w, https://cooperative-cvm.fr/agence/wp-content/uploads/sites/2/2022/01/1700x750-site-fraternelle2-561x248.png 561w" sizes="auto, (max-width: 1700px) 100vw, 1700px" /></figure>



<h2 class="wp-block-heading"><strong>Autonomiser les équipes de la mutuelle&nbsp;</strong></h2>



<p>Pour <a href="https://boring-bell.62-210-145-80.plesk.page/agence/">l’Agence CVM</a>, notre première préoccupation est d’être utile à nos clients. Il est donc normal de les accompagner pour les rendre les plus autonomes possible.&nbsp;</p>



<p>A nos yeux, il ne suffit pas de livrer un site <strong>fonctionnel</strong>. Il nous tient également à cœur de proposer un <strong>back office</strong> facile d’utilisation. Nous souhaitons que nos clients prennent leur site en main. A l’issue d’une<strong> formation</strong>, la Fraternelle des Territoriaux a donc tous les outils nécessaires pour créer facilement de nouveaux articles, mettre à jour le contenu du site, modifier les formulaires de contact…</p>



<h2 class="wp-block-heading"><strong>S’inscrire dans le respect du RGPD et d’ePrivacy&nbsp;&nbsp;</strong></h2>



<p>Nous avons travaillé de concert avec nos développeurs afin de suivre les différentes recommandations liées au règlement général sur la protection des données (RGPD). Cela nous a permis de nous assurer de la mise en conformité du site internet. Nous nous sommes appuyés à la fois sur l’audit du site mais avons également pu proposer des solutions complémentaires, notamment pour l’analyse d’audience.</p>



<p>Nous avons travaillé en collaboration avec <a href="https://www.pixelsingenierie.net/l-agence/" target="_blank" rel="noreferrer noopener">Pixels Ingénierie</a> pour la réalisation et le développement. </p>

<p>L’Agence CVM s’est occupée de la refonte du site de la Fraternelle des Territoriaux.</p>
